 prime factors of 1509?
3, 503
What are the prime factors of 2339?
2339
What are the prime factors of 1376?
2, 43
List the prime factors of 475.
5, 19
List the prime factors of 105728.
2, 7, 59
List the prime factors of 18539.
18539
What are the prime factors of 63772?
2, 107, 149
List the prime factors of 2085.
3, 5, 139
List the prime factors of 63919.
41, 1559
What are the prime factors of 81031?
81031
List the prime factors of 53374.
2, 26687
List the prime factors of 2270.
2, 5, 227
List the prime factors of 9524.
2, 2381
List the prime factors of 5259.
3, 1753
List the prime factors of 1210.
2, 5, 11
What are the prime factors of 4047?
3, 19, 71
List the prime factors of 38798.
2, 19, 1021
What are the prime factors of 5167?
5167
What are the prime factors of 6497?
73, 89
List the prime factors of 32087.
11, 2917
What are the prime factors of 862?
2, 431
What are the prime factors of 56751?
3, 18917
What are the prime factors of 953?
953
List the prime factors of 38125.
5, 61
What are the prime factors of 1034?
2, 11, 47
What are the prime factors of 12913?
37, 349
List the prime factors of 1146.
2, 3, 191
What are the prime factors of 28185?
3, 5, 1879
List the prime factors of 2405.
5, 13, 37
List the prime factors of 1742.
2, 13, 67
List the prime factors of 6910.
2, 5, 691
What are the prime factors of 12468?
2, 3, 1039
List the prime factors of 9247.
7, 1321
What are the prime factors of 1408?
2, 11
List the prime factors of 17702.
2, 53, 167
What are the prime factors of 21793?
19, 31, 37
What are the prime factors of 4110?
2, 3, 5, 137
What are the prime factors of 415?
5, 83
What are the prime factors of 8050?
2, 5, 7, 23
What are the prime factors of 31190?
2, 5, 3119
List the prime factors of 7575.
3, 5, 101
List the prime factors of 751.
751
List the prime factors of 367.
367
What are the prime factors of 11147?
71, 157
What are the prime factors of 3239?
41, 79
What are the prime factors of 593?
593
List the prime factors of 94003.
7, 13, 1033
What are the prime factors of 378?
2, 3, 7
What are the prime factors of 3859?
17, 227
What are the prime factors of 51010?
2, 5, 5101
List the prime factors of 13370.
2, 5, 7, 191
What are the prime factors of 948?
2, 3, 79
List the prime factors of 5379.
3, 11, 163
What are the prime factors of 38617?
23, 73
List the prime factors of 196.
2, 7
List the prime factors of 65117.
13, 5009
What are the prime factors of 1249?
1249
What are the prime factors of 48470?
2, 5, 37, 131
What are the prime factors of 1139?
17, 67
List the prime factors of 487.
487
What are the prime factors of 809?
809
What are the prime factors of 5349?
3, 1783
What are the prime factors of 448?
2, 7
List the prime factors of 1488.
2, 3, 31
List the prime factors of 58699.
58699
List the prime factors of 1661.
11, 151
List the prime factors of 1064.
2, 7, 19
List the prime factors of 93424.
2, 5839
What are the prime factors of 393?
3, 131
What are the prime factors of 415?
5, 83
List the prime factors of 2070.
2, 3, 5, 23
List the prime factors of 7051.
11, 641
List the prime factors of 1545.
3, 5, 103
List the prime factors of 3139.
43, 73
List the prime factors of 2267.
2267
What are the prime factors of 45922?
2, 22961
List the prime factors of 14401.
14401
What are the prime factors of 36818?
2, 41, 449
List the prime factors of 1722.
2, 3, 7, 41
What are the prime factors of 3888?
2, 3
What are the prime factors of 802?
2, 401
What are the prime factors of 1045?
5, 11, 19
What are the prime factors of 2740?
2, 5, 137
What are the prime factors of 568?
2, 71
What are the prime factors of 19874?
2, 19, 523
What are the prime factors of 6793?
6793
What are the prime factors of 4180?
2, 5, 11, 19
List the prime factors of 2667.
3, 7, 127
What are the prime factors of 876?
2, 3, 73
What are the prime factors of 14484?
2, 3, 17, 71
List the prime factors of 1112.
2, 139
What are the prime factors of 14696?
2, 11, 167
List the prime factors of 5356.
2, 13, 103
List the prime factors of 2182.
2, 1091
List the prime factors of 989.
23, 43
List the prime factors of 888.
2, 3, 37
What are the prime factors of 2087?
2087
What are the prime factors of 39650?
2, 5, 13, 61
List the prime factors of 152843.
152843
List the prime factors of 16502.
2, 37, 223
What are the prime factors of 20021?
20021
What are the prime factors of 77649?
3, 11, 13, 181
List the prime factors of 3688.
2, 461
What are the prime factors of 43058?
2, 21529
List the prime factors of 22153.
22153
List the prime factors of 10936.
2, 1367
List the prime factors of 116754.
2, 3, 11, 29, 61
What are the prime factors of 6045?
3, 5, 13, 31
List the prime factors of 523.
523
What are the prime factors of 2166?
2, 3, 19
List the prime factors of 23615.
5, 4723
What are the prime factors of 3586?
2, 11, 163
List the prime factors of 51620.
2, 5, 29, 89
List the prime factors of 799.
17, 47
List the prime factors of 1540.
2, 5, 7, 11
List the prime factors of 43.
43
List the prime factors of 4916.
2, 1229
List the prime factors of 4719.
3, 11, 13
List the prime factors of 897.
3, 13, 23
List the prime factors of 6404.
2, 1601
What are the prime factors of 119354?
2, 83, 719
List the prime factors of 833.
7, 17
List the prime factors of 3524.
2, 881
What are the prime factors of 81440?
2, 5, 509
What are the prime factors of 46701?
3, 5189
What are the prime factors of 25092?
2, 3, 17, 41
List the prime factors of 1505.
5, 7, 43
List the prime factors of 17980.
2, 5, 29, 31
List the prime factors of 65084.
2, 53, 307
What are the prime factors of 35514?
2, 3, 1973
List the prime factors of 3577.
7, 73
List the prime factors of 13257.
3, 491
What are the prime factors of 8223?
3, 2741
List the prime factors of 10048.
2, 157
List the prime factors of 1028.
2, 257
List the prime factors of 19972.
2, 4993
What are the prime factors of 4448?
2, 139
What are the prime factors of 1858?
2, 929
List the prime factors of 7277.
19, 383
What are the prime factors of 3526?
2, 41, 43
List the prime factors of 744.
2, 3, 31
List the prime factors of 2069.
2069
List the prime factors of 1523.
1523
What are the prime factors of 2536?
2, 317
What are the prime factors of 2268?
2, 3, 7
List the prime factors of 44832.
2, 3, 467
List the prime factors of 5898.
2, 3, 983
What are the prime factors of 1289?
1289
List the prime factors of 8528.
2, 13, 41
What are the prime factors of 112617?
3, 43, 97
List the prime factors of 48716.
2, 19, 641
What are the prime factors of 5653?
5653
List the prime factors of 1836.
2, 3, 17
List the prime factors of 22739.
22739
What are the prime factors of 1029?
3, 7
What are the prime factors of 3928?
2, 491
What are the prime factors of 335?
5, 67
What are the prime factors of 1763?
41, 43
List the prime factors of 4469.
41, 109
What are the prime factors of 2287?
2287
List the prime factors of 10283.
7, 13, 113
What are the prime factors of 44364?
2, 3, 3697
What are the prime factors of 47950?
2, 5, 7, 137
What are the prime factors of 7073?
11, 643
List the prime factors of 28053.
3, 1039
What are the prime factors of 24986?
2, 13, 31
What are the prime factors of 27095?
5, 5419
What are the prime factors of 10372?
2, 2593
What are the prime factors of 6615?
3, 5, 7
What are the prime factors of 8276?
2, 2069
What are the prime factors of 1145?
5, 229
What are the prime factors of 1433?
1433
What are the prime factors of 1187?
1187
List the prime factors of 970.
2, 5, 97
List the prime factors of 46190.
2, 5, 31, 149
List the prime factors of 916.
2, 229
List the prime factors of 1051.
1051
List the prime factors of 1211.
7, 173
List the prime factors of 2303.
7, 47
What are the prime factors of 1966?
2, 983
What are the prime factors of 1751?
17, 103
What are the prime factors of 46028?
2, 37, 311
List the prime factors of 541.
541
What are the prime factors of 574?
2, 7, 41
List the prime factors of 102421.
11, 9311
What are the prime factors of 123298?
2, 7, 8807
List the prime factors of 388.
2, 97
List the prime factors of 2454.
2, 3, 409
List the prime factors of 367.
367
What are the prime factors of 797?
797
What are the prime factors of 23770?
2, 5, 2377
List the prime factors of 2825.
5, 113
List the prime factors of 237.
3